-2*j, 29 = 2*l + 4*j - 15. Suppose w + 5*w = l. Suppose -4*p - 378 = -2*s, -w*p + 6*p = -20. What are the prime factors of s?
179
Suppose -107 = -5*j + 258. Suppose 162*s - 21854 = -4844. Suppose h = s + j. List the prime factors of h.
2, 89
Let u = 7601 - -6043. What are the prime factors of u?
2, 3, 379
Let f(p) = p**3 + 10*p**2 - 2*p - 15. Let u be 4/(-10)*-50*5/(-10). Let y be f(u). Suppose c + y*s + 6 = 27, 0 = 5*c + s - 177. What are the prime factors of c?
2, 3
Let f = -231 + 236. Suppose -1704 = -f*w + 116. List the prime factors of w.
2, 7, 13
What are the prime factors of 8 + (-2348)/(-20)*145?
3, 7, 811
Suppose -66*t + 61*t + 5*q = -45310, t - 9062 = -5*q. What are the prime factors of t?
2, 23, 197
Let m = -293 + -31. Let k = m + 570. What are the prime factors of k?
2, 3, 41
Let m(t) = 706*t**2 + 175*t - 1496. List the prime factors of m(8).
2, 1409
What are the prime factors of 2/2 + 84 - (-9 - (-22 - -14))?
2, 43
Let h = -1005 + 1493. Suppose h*i + 5817 = 491*i. What are the prime factors of i?
7, 277
Let d = 395 - 455. List the prime factors of 80/d - 6872/(-6).
2, 11, 13
Let t be 16/6*-15*9/(-90). Suppose -5*g + 0*r + t*r + 1728 = 0, -6*g = -r - 2066. List the prime factors of g.
2, 43
Suppose 4*s + 2*j = 18926, -663*s + 664*s = 4*j + 4754. List the prime factors of s.
2, 3, 263
Let d = 11 - 8. Let l(s) = -22*s**2 - 2*s + 23. Let y(k) = -k**2 + k + 4. Let p(h) = -l(h) + 5*y(h). List the prime factors of p(d).
3, 19
Let i = 78 - 77. Let v be 4402/(-31)*i/(-2). Suppose -4*k = s - 15, -3*s = -3*k + 2*k - v. List the prime factors of s.
23
Let x be (-38)/4*94 + -1. Let i = -286 - x. What are the prime factors of i?
2, 19
Suppose -5*q + 0*m + 10 = -2*m, 2*q + 2*m = 18. Suppose g + 0*p - 9 = p, -9 = -q*g - 5*p. What are the prime factors of g?
2, 3
Let n(o) = -4*o**2 + 5*o - 3. Let c be n(1). Let f = 564 - c. List the prime factors of f.
2, 283
List the prime factors of 14920 + -211 - 24/(-3).
14717
Let w = -10002 - -10127. What are the prime factors of w?
5
Let h(n) = -5*n - 15. Let m be h(-3). Let r(j) = -j**2 + 2*j - 10. Let k be r(m). List the prime factors of (k/(-15))/((-6)/(-135)).
3, 5
Let v = -24174 + 60717. List the prime factors of v.
3, 13, 937
What are the prime factors of ((-2)/3)/(3 - 81490*(-12)/(-325944))?
3, 503
Let g be 105/10 - 3/(-6). Let x be g/7 + 6/14. What are the prime factors of (9 + -10)*x/2 + 35?
2, 17
Let q(u) = 2*u**2 + 9*u + 2. Let h be q(-9). Let y = -116 + h. Let k = y - -148. List the prime factors of k.
5, 23
Let c(x) = 35*x - 10. Let z(b) = -36*b + 11. Let f = 48 - 55. Let i(w) = f*c(w) - 6*z(w). List the prime factors of i(-3).
7, 13
Suppose -m + 37 = -2*m - 2*h, 2*h - 6 = 0. Let k = m + 47. List the prime factors of ((-20)/k)/((-2)/8).
2, 5
What are the prime factors of 92/((110/(-297))/(-10))?
2, 3, 23
Let v = -738 + 7615. What are the prime factors of v?
13, 23
Let r be -2 + (4 - 16) + -5. Let v(c) = -c**3 - 19*c**2 + 4. Let n be v(r). Suppose -2*w + 52 = -d - 83, n*w - 280 = 4*d. What are the prime factors of w?
5, 13
Let c = 105052 - 73545. List the prime factors of c.
7, 643
Let y(f) = 119*f**2 + 27*f + 57. Let z(r) = -38*r - 78. Let q be z(-2). What are the prime factors of y(q)?
479
Let h be (135/20)/((-4)/(-16)). Suppose 14*y - h*y = -1040. List the prime factors of y.
2, 5
Suppose 58*d + 83337 = 105973 + 136052. List the prime factors of d.
2, 3, 19
Let w = -40162 - -59228. What are the prime factors of w?
2, 9533
Suppose 0 = -f - 3*b + 19704, 0 = -5*f + 76*b - 78*b + 98481. What are the prime factors of f?
3, 5, 13, 101
Let k(t) = -286*t + 1311. List the prime factors of k(-15).
3, 1867
Let c be (8/12)/((-4)/(-12)). Suppose 4*u - 1203 = -5*g, -c*g + u + 483 = 2*u. Suppose 0*w - g = -w + 4*s, 5*w + 3*s = 1215. What are the prime factors of w?
3
Let o = 27 + -23. Let b be ((-86)/o)/(-1) + 1/2. List the prime factors of 12*-2*(-33)/b.
2, 3
Let q be (-4)/(-18) - 5/90*130. Let u(n) = 12*n**2 + 5*n - 14. Let s be u(q). Let p = s - 344. What are the prime factors of p?
3, 5, 13
Let y = 420 - 456. Let o(m) = 2*m**2 + 30*m - 76. What are the prime factors of o(y)?
2, 359
Let c be (-1)/((-3)/12*-4). Let q(y) = 2*y**2 - y - 1. Let k be q(c). Suppose 0 = -k*i, -2*h + i = -162 + 10. What are the prime factors of h?
2, 19
Suppose 76584 = 11*o + 21375. Suppose 7*y = 14*y - o. List the prime factors of y.
3, 239
Let i = 6858 - 2155. List the prime factors of i.
4703
Let v(z) = z**3 - 7*z - 4. Let h be v(-2). Let s(t) = 137*t - 41. List the prime factors of s(h).
233
Suppose 4*u + 19 = -1, 3*g + 5*u - 70715 = 0. What are the prime factors of g?
2, 3, 5, 131
Suppose -26 = -2*t - 36. Let u(p) = -38*p - 18. List the prime factors of u(t).
2, 43
Let a = 180 - -189. List the prime factors of (1 - 3)/((-1494)/a + 4).
41
Let r = -21 + 21. Let q(z) = z**2 + 19*z - 16. Let t be q(-20). Suppose r = t*c - 2*j - 780, -3*j - 571 = -3*c + 2*j. What are the prime factors of c?
197
Let x = -2144 + 3072. Suppose 3*w = b - x, 12*b + 4*w = 15*b - 2784. What are the prime factors of b?
2, 29
Let v be (-231)/28*4/(-6)*142. Suppose 3*g - v = -8*g. Suppose -s = 5 - g. What are the prime factors of s?
2, 3, 11
Let m(c) = 2*c - 14. Let t be m(-14). Let v = t + 65. Let d = v + -18. List the prime factors of d.
5
What are the prime factors of 3603015/(-30)*100/(-225)?
2, 13, 2053
Suppose 9*s = -11*s + 3460. Let z = s + 263. What are the prime factors of z?
2, 109
Suppose 0 = 36*m - 41*m + 25. Suppose -5 = -v, -a + m*v + 401 = 3*v. List the prime factors of a.
3, 137
Suppose 0 = 22*x - 40*x + 262170. What are the prime factors of x?
3, 5, 971
Let y(q) = 5*q + 13*q + q**2 + 20 + 10. Let g be 3471/(-165) + (-78)/(-2145). List the prime factors of y(g).
3, 31
Let g(x) = -2*x**2 - 3*x - 14*x + 5 + 3*x**2. Let t(h) = -6*h**2 - 14*h - 16. Let k be t(-1). What are the prime factors of g(k)?
5, 41
Suppose 5*p = -5*u + 135, -5*u + 3*p + 131 = 4*p. Suppose -4603 = -u*j + 2547. List the prime factors of j.
5, 11
Let g(z) = z**2 + z - 16. Let t be g(-4). What are the prime factors of 4956/63 - t/3?
2, 5
Suppose 0 = 2*q - 53 + 5. Suppose -2*f + q = 2*h, -3*h - h = 3*f - 40. What are the prime factors of ((-6)/(-9))/(f/516)?
43
Let u(z) = -33*z - 1. Let l(a) = 36*a. Let q(y) = -4*l(y) - 3*u(y). List the prime factors of q(-3).
2, 3, 23
Let p = 68 + -64. Let a(m) = -m**2 - p*m - 198*m**3 - 1 + 0*m + m. List the prime factors of a(-1).
199
Let k(q) = -q**2 - 8*q + 1. Let v be k(-8). What are the prime factors of (-5)/(-15)*v - (-143)/3?
2, 3
Let q(l) = -2*l**2 + 237*l + 22089. List the prime factors of q(0).
3, 37, 199
Suppose -5*w = -7*w + 8. Suppose -w*q - 3*i + 1 = 0, 3*q + i = q + 3. Suppose q*k = 5*t + 404, 48 + 140 = 2*k + t. List the prime factors of k.
2, 3
Let l(s) = -2*s - 53. Let h be l(-25). Let o be 4 - (-192 - (h - -2)). Suppose -19*t + 18*t + o = 0. What are the prime factors of t?
3, 5, 13
Suppose 1 - 10 = -3*o. Let w(j) = -5*j**o + 4*j**3 + 1 - 7 + 15*j + 6*j + 17*j**2. What are the prime factors of w(18)?
2, 3
Suppose -6*d + 72 = 162. Let c(y) = 4*y**2 - 21*y + 36. List the prime factors of c(d).
3, 139
Suppose -6 = 3*r, 5*s - 596 - 967 = -r. Suppose 4*c + 5*t + s = 0, 4*t = c - 2*c - 81. Let q = c + 151. What are the prime factors of q?
2, 37
Let x be ((-6)/8)/(4/(-16)). Let p(f) = -2*f**3 - 1 - 10*f**2 - f + x*f**2 + 0*f**2. List the prime factors of p(-5).
79
Let q be (-254780)/(-25) + (-2)/10. Suppose -25*w - 2666 + q = 0. What are the prime factors of w?
7, 43
Let m = -465 + 459. What are the prime factors of 33*(m + 79/3)?
11, 61
Suppose 9*n - n - 23144 = 0. Suppose 31*t + n = 42*t. What are the prime factors of t?
263
Let i = -2413 + 4233. List the prime factors of -1*(i/(-4) + 3).
2, 113
Suppose -o = -57*c + 61*c - 2785, 5*o - 13859 = 2*c. List the prime factors of o.
47, 59
Let t be 4*(-1)/(-2)*(-135)/(-54). Suppose 3*i + 111 = 10*n - 5*n, 39 = n + t*i. List the prime factors of n.
2, 3
Suppose u = 5*i + 33414, -12*u + 15*u - 6*i - 100188 = 0. List the prime factors of u.
2, 3, 13, 107
Let j be (-5 - -3)/((-6)/(-15)). Let p(b) = -130*b + 48. List the prime factors of p(j).
2, 349
Let z(k) = -599*k**3 + 13*k**2 + 4*k - 43. List the prime factors of z(-5).
227, 331
Suppose -6*f - 5990691 = -88*f - 65*f. What are th